e the remainder when x is divided by (6/8)/((-1)/(-12)).
7
Suppose 57 = 8*g + 9. What is the remainder when 9 is divided by g?
3
Let z be (-1 + 3/5)*-40. Let c = 27 - z. Let y(v) = v**2 - 5. What is the remainder when y(5) is divided by c?
9
Suppose -45 = z - 6*z + 5*t, 15 = z + 5*t. What is the remainder when 36 is divided by z?
6
Let h(j) = 19*j + 1. Calculate the remainder when 36 is divided by h(1).
16
Suppose 5*b = b + 60. What is the remainder when 29 is divided by b?
14
Let m be 5*1*(-9)/(-15). Suppose r = 3*f + 13, -m*r - f + 19 = -r. Calculate the remainder when 17 is divided by r.
7
Let m(f) = -f**3 + 4*f**2 + 7*f + 3. Let w = -4 - -11. What is the remainder when m(5) is divided by w?
6
Let g = 4 + 11. Suppose -3*n + g = 0, n - 16 = -4*y + 5*n. Calculate the remainder when y is divided by 6.
3
Let f be ((9 - -2) + 0)/(-1). Let j = 35 + f. What is the remainder when j is divided by 13?
11
Suppose -5*t - 4*x = -160, -3*t + 0*t + 104 = 4*x. Calculate the remainder when 109 is divided by t.
25
Suppose -3*p - 35 = -8*p. Calculate the remainder when 18 is divided by p.
4
Let q = 16 + -9. Suppose -3*y = y - 76. Calculate the remainder when y is divided by q.
5
Suppose -3*p = -5*p. Suppose -3*f - 60 = -3*o, -f + p*f = 3. What is the remainder when 50 is divided by o?
16
Suppose -12 = -0*m - 4*m + 5*g, 2*m - 4*g = 6. Suppose 2*r + 40 = 2*a - m*r, 2*r - 79 = -3*a. What is the remainder when a is divided by 9?
7
Let i = 12 - 7. Let s(j) = -j**2 + 5*j + 2. Let z be s(i). Suppose 3*o + 2*b - 14 = 0, -3*o - 5*b = -o - z. Calculate the remainder when 17 is divided by o.
5
Suppose -5*q + 3*i = 5, -q + 4*q - 4*i - 8 = 0. What is the remainder when (3 + -1)/(q/(-6)) is divided by 0 - (0 - (-2 - -3))?
0
Let f = 25 + -17. What is the remainder when 12 is divided by f?
4
Let h(d) = 36*d**2 - 2*d - 1. Calculate the remainder when 109 is divided by h(-1).
35
Let c be -4*(-2 + (-45)/6). Let w = c - 5. What is the remainder when w is divided by 12?
9
Calculate the remainder when 28 is divided by (-10)/(-5) + (-8)/(-1).
8
Let v(a) = 3*a - 3*a**3 + 3*a**3 - 2*a**2 + a**3 - 4. What is the remainder when (-2 + 0)/((-1)/20) is divided by v(3)?
12
Let d(k) = -k - 2. Let r be d(-4). Let t = 1 + r. Let f(w) = w**3 - 3*w**2 + 2*w - 4. Calculate the remainder when 3 is divided by f(t).
1
Suppose 0*o + 46 = -2*o. Suppose 0 = -2*a + 82 + 26. Let x = o + a. Calculate the remainder when x is divided by 11.
9
Suppose w + 246 = 7*w. What is the remainder when w is divided by 16?
9
Suppose -3*f - 5*p = 19, -7 = 4*f - p + 3. Let t(v) = -3 + v - v + 0*v**2 + v**2. Calculate the remainder when 17 is divided by t(f).
5
Let a be (2/(-5))/((-5)/25). Suppose -5*k - 33 = a. Let y = k + 19. What is the remainder when 34 is divided by y?
10
Let z(v) = -3*v - 37. What is the remainder when z(-16) is divided by 3?
2
Let w = -2 - 3. What is the remainder when 12 is divided by w/(-2)*2 + 2?
5
Suppose 2*q = r + 1 - 10, 4*r = -3*q + 14. What is the remainder when 1/(-3)*(-14 - q) is divided by 3?
1
Let a = -1 - -4. Suppose 30 = 5*k + a*t - 95, t = 0. What is the remainder when 48 is divided by k?
23
Let h(x) be the third derivative of 29*x**5/30 - x**3/6 - x**2. What is the remainder when h(-1) is divided by 15?
12
Calculate the remainder when 15/(4 - 9) - (-176)/4 is divided by 21.
20
Let u(h) = 2*h - 9. What is the remainder when 1/1 - (-10 - -3) is divided by u(7)?
3
Suppose 3*k - 11*k + 320 = 0. What is the remainder when k is divided by 21?
19
Suppose 5*g + 4*q - 178 = 0, 2*g - 4*q - 11 = 77. Calculate the remainder when g is divided by 13.
12
Let b(a) be the third derivative of 0 - 1/60*a**5 + 0*a - 3*a**2 - 1/3*a**4 + 1/3*a**3. Calculate the remainder when 25 is divided by b(-7).
7
Let v(p) = p**3 - 5*p**2 - 2*p - 11. Calculate the remainder when v(8) is divided by 21.
18
Calculate the remainder when (8/(-3 + -1))/(2/(-14)) is divided by 5.
4
Let t(h) be the first derivative of 2 - 2/3*h**3 + 4*h - 3/2*h**2 + 1/4*h**4. What is the remainder when 11 is divided by t(3)?
3
Let d = -5 - -7. Let a(v) = v**2 + 5 + 6 + v**d - 13*v. What is the remainder when a(8) is divided by 9?
8
Suppose -2*j = -j - 20. Suppose x = 3*a + 27 + 27, x + 4*a - 61 = 0. Calculate the remainder when x is divided by j.
17
Suppose -3*k = -21 - 9. Suppose 0 = 5*m - k - 50. Calculate the remainder when m is divided by 7.
5
Let m = -52 + 94. Suppose p + 213 = 3*j, -j - 7*p + 2*p = -71. Let n = j - m. Calculate the remainder when n is divided by 15.
14
Suppose -k - 4*q = -26, 0 = 5*k - 3*q - 0*q - 15. Calculate the remainder when k is divided by (-3)/((1 - 0)/(-1)).
0
Let w be 3 - (1 + 3)/2. Let r(o) = 2*o**2 + 3. Calculate the remainder when r(-3) is divided by -1*(0 + -12 + w).
10
Let s = -1 + 1. Let t(x) = x**2 + 14. What is the remainder when -10*6*(-2)/3 is divided by t(s)?
12
Let y(s) = 4*s**3 - 2*s**2 + 3*s - 3. What is the remainder when (42/(-8))/(73/(-1460)) is divided by y(2)?
24
Suppose -3*a + 22 = 2*t + 2*t, -4*a = -8. Suppose -5*m + 15 = -5*g, t*m + 4*g + 5 = m. Let q = 68 - 67. Calculate the remainder when m is divided by q.
0
Suppose -w = -47 - 22. What is the remainder when w is divided by 24?
21
Suppose j = o + 49, 2*j = -j + 5*o + 137. Calculate the remainder when j is divided by 15.
9
Suppose 0 = 5*w + 3*k + 14, -9 = -0*k + 3*k. What is the remainder when (-15)/(-4) + (-15)/(-12) is divided by ((-4)/(-10))/(w/(-5))?
1
Suppose 0 = -3*w - 2*w - 35. Let g(r) be the first derivative of -r**2 + 2*r - 12. What is the remainder when g(w) is divided by 6?
4
Let c = 1617 + -1138. Let k be (-8)/36 - c/(-9). Suppose -2 = 3*o - k. Calculate the remainder when o is divided by 6.
5
Let y(r) = r**3 + 7*r**2 + 6*r + 5. What is the remainder when 14 is divided by y(-6)?
4
Let k(i) = -2*i - 4. Let b be k(3). What is the remainder when 6/4*-1*b is divided by 8?
7
Suppose 3*v - 29 = -17. Let m(n) = 2*n**2 + 8*n + 7. Let l be m(-6). Suppose -5*y + 4*j = -l, 5*j + 0*j - 5 = 0. What is the remainder when y is divided by v?
3
Suppose 0 = 5*d - 5*x - 40, 3*x = d - 0*x + 2. Suppose 4*r + 3 = 31. Calculate the remainder when d is divided by r.
6
What is the remainder when 2 + 0 + (20 - -2) is divided by 13?
11
Let h(m) = m + 32. What is the remainder when 41 is divided by h(-18)?
13
Suppose 0 = -3*b + 2*h - 0*h + 576, -4*h = -12. What is the remainder when b is divided by 49?
47
Let q(c) = -21*c + 6. Let h be q(-6). Let s = 31 - -63. Let k = h - s. Calculate the remainder when k is divided by 20.
18
Let k(n) = n**2 + n + 1. Let u = 0 + 0. Let h be k(u). Let y = h + 23. Calculate the remainder when y is divided by 13.
11
Let f be (-3)/(-12) - 7/(-4). Suppose -3*i = 4*n - i - 54, i - 14 = -n. Calculate the remainder when n is divided by (1/f)/(1/14).
6
What is the remainder when (-6 + 3 - -87) + 2 is divided by 29?
28
Suppose 2*z + 12 = 2*s + 4*z, 3*z + 6 = s. Let t(v) = 3*v. Let b be t(5). Let f = 1 + b. What is the remainder when f is divided by s?
4
Calculate the remainder when (-2)/3 - 394/(-6) is divided by 1/((4/4)/17).
14
Calculate the remainder when 2*-3*(-8 - -2) is divided by 13.
10
Let r(o) = 5*o - 46. Let h = -1 + 26. Calculate the remainder when h is divided by r(11).
7
Suppose -3*p - p + 64 = -z, z = -p + 11. What is the remainder when 147 is divided by p?
12
Suppose 0 = -4*y - 8, 48 = 2*v + 2*y + 2*y. What is the remainder when 53 is divided by v?
25
Let k(v) = -2*v**2 - 58*v + 5. Calculate the remainder when 9 is divided by k(-29).
4
Suppose 0 = 4*f - 3*c - 137, -2*f + 3*c - 167 = -6*f. What is the remainder when 92 is divided by f?
16
Suppose x = -x + 76. What is the remainder when x is divided by 11?
5
Suppose -3*w + 27 = -3*h, -2*w = 5*h + w + 61. Let f = h - -4. Let i = -6 - f. Calculate the remainder when 1 is divided by i.
0
Let p = 8 - 5. Suppose -28 = -x - p*x. Calculate the remainder when x is divided by 4.
3
Let d(s) = -s**3 + 5*s**2 - 3*s + 1. Calculate the remainder when 27 is divided by d(4).
2
Suppose 3*b - 134 = -j + 125, -4*j + 186 = 2*b. What is the remainder when b is divided by 29?
27
Let n = -49 + 138. Let k = n + -63. Let i = 26 - 17. Calculate the remainder when k is divided by i.
8
Suppose 5*v = 2*y - 9, -5*y - 1 - 2 = -4*v. Calculate the remainder when ((-19)/(-2))/(v/(-6)) is divid